51 = -26*s + 20395. What are the prime factors of s?
1321
List the prime factors of -3*475185/(-450) + (-2)/(-20).
2, 3, 11
Let i(m) = 19*m**2. Let h(k) = k**3 + 7*k**2 + 5*k - 6. Let f be h(-6). Suppose f*r = -3*p + r + 1, 7 = p - 2*r. What are the prime factors of i(p)?
19
Let f = -7 + 57. Let g = f - 42. What are the prime factors of g?
2
Suppose i = -92 - 503. Let h = -359 - i. Suppose -3*n - s = -129 - 40, 4*n - h = -4*s. What are the prime factors of n?
5, 11
Let a(u) be the first derivative of -3*u**2/2 + 6*u + 1. List the prime factors of a(-9).
3, 11
Let b(c) = -c**3 - 16*c**2 - 30*c - 15. What are the prime factors of b(-16)?
3, 5, 31
Suppose 6*a - 20582 = -z, -4*a + z = -14350 + 632. What are the prime factors of a?
2, 5, 7
List the prime factors of (-13079)/(-55) - (-1)/5.
2, 7, 17
Suppose 0 = -3*b + 4*w + 3015, -5*b + 3*w + 2*w + 5025 = 0. List the prime factors of b.
3, 5, 67
Let l = -667 + 1168. What are the prime factors of l?
3, 167
Suppose -3*c + 3*m = -1002 - 1704, -4*c - 4*m = -3592. What are the prime factors of c?
2, 3, 5
Let m = 10 - 10. Suppose 8*f - 3*f - 815 = m. Suppose 0 = 6*x - f + 13. List the prime factors of x.
5
Let x = 988 + 443. List the prime factors of x.
3, 53
Let k = -87 + 204. Let v be 2/(-13) - (-603)/k. Suppose v*a + 5 = -5*p, -4*a + 12 - 1 = p. What are the prime factors of a?
2
Let y(x) = x - 4*x + x + 1 + 10*x**3. Let t be (-5 - 4/(-2)) + (-8)/(-2). List the prime factors of y(t).
3
Suppose -2*h = -n - 35, 4*n - 13 = -4*h + 63. Let c = -8 + h. List the prime factors of ((-74)/c)/((-9)/45).
37
Let m = 306 - 197. Suppose 0 = -12*a + 24*a. Suppose -2*c = 5*z - m, 0 = -3*c - a*c + 6. What are the prime factors of z?
3, 7
Let k(l) = 6*l**3 - 4*l**2 + 3*l + 3. Let s be k(5). Suppose -4*x = 264 - s. List the prime factors of x.
101
Let x(v) be the second derivative of -5*v**3 - 5*v**2/2 + 10*v. What are the prime factors of x(-3)?
5, 17
Suppose 2*r + 2*h = 2, r = -0*r - 2*h + 5. Let j be (r - -2)/(1/(-3)). Suppose j*u = 6*u + 3*k - 123, 4*u + 5*k = 169. What are the prime factors of u?
2, 3
Let y(j) = 0 - 1 + 2*j**2 + 2 + 0. Let r be y(-1). Suppose -4*v + 36 = 4*h, -r*h + 2 = v - 23. List the prime factors of h.
2
Suppose 2*g + 5 = g, 0 = -4*u + 3*g + 51. Let p = u + 111. What are the prime factors of p?
2, 3, 5
Suppose -3*y - 4*y = -5691. What are the prime factors of y?
3, 271
What are the prime factors of 42/(10*8/400)?
2, 3, 5, 7
Let d = 3 - -11. Suppose -5*q + d = -6. Suppose -g + 23 = -4*o, 5*o - 23 + 82 = q*g. What are the prime factors of g?
11
Let u(z) = -z + 2. Let s be u(5). Let g = 9 - s. Suppose -t + 2 = -4*r, -4*t = r + 4 - g. What are the prime factors of t?
2
Let b = -16 - -57. Let x = b - 22. Let j = -12 + x. List the prime factors of j.
7
Let s = 16 - 11. Let z(n) = -n**2 + 6*n - 1. Let a be z(s). Suppose 60 + 0 = a*u. List the prime factors of u.
3, 5
Suppose -y + 724 = i - 145, -4*y + 3482 = i. List the prime factors of y.
13, 67
Let a(u) = 329*u - 368. What are the prime factors of a(5)?
1277
Suppose 0 = 17*t - 11*t - 3246. List the prime factors of t.
541
Suppose -4*x + 44 = 5*p, 4*p - 2*x - 60 = x. Suppose -p*m = m - 1248. What are the prime factors of m?
2, 3
Suppose 10*i = 17 + 33. Suppose -i*k = 5*z - 110, 7*k - 5*z = 5*k + 79. List the prime factors of k.
3
Let x = -174 + 497. What are the prime factors of x?
17, 19
Suppose 5*g + 46 = 3*g + 4*t, 0 = g - 5*t + 38. Let y = g + 34. Suppose y = 3*p - 4*f - 8, -2*p + 2*f + 20 = 0. What are the prime factors of p?
11
Let g(a) = a**2 + 2*a + 7. Let v be g(-6). Let m = v - -23. What are the prime factors of m?
2, 3
Suppose -4*g = 4*o - 188, -3*o - 119 = 3*g - 5*g. Let h be 2/13 + (-8)/g. Suppose 6*z - 3*z - 144 = h. What are the prime factors of z?
2, 3
Let b(n) = 3*n**3 - 4*n**2 + 5. Let z(i) = i - 1. Let q be z(4). List the prime factors of b(q).
2, 5
Suppose 106 = 4*x - 2. Suppose y - x = -3*q, 0 = -3*y + 5*y - 5*q - 21. List the prime factors of y.
2, 3
Let a be (-50)/18 + 2/(-9). Let w be (a/(-2))/((-18)/(-24)). Suppose -w*t = 2*c - 52, 2 - 8 = -2*c. What are the prime factors of t?
23
Suppose y + 0*q + 5*q = 882, -4*q - 3480 = -4*y. List the prime factors of y.
2, 109
Suppose -24*q + 8022 = -18*q. Suppose 0 = -5*v - 4*j + 1203, 136 = -5*v - 3*j + q. List the prime factors of v.
239
Suppose 0 = -k + 2*h - 3*h + 1215, 4*k - 4855 = -3*h. What are the prime factors of k?
2, 5, 11
Suppose 2*j = -71 + 223. Let d = -23 + j. What are the prime factors of d?
53
Suppose 4*y + 10 = -2. Let u = 4 + y. What are the prime factors of (u + 0)/((-2)/(-8))?
2
Suppose -4*p = q - 130, 7*q + 4*p = 4*q + 422. List the prime factors of q.
2, 73
Let g(v) = -v**2 - 6*v - 4. Let t be g(-3). Suppose 0*h - 2*h - 162 = -4*k, t = -5*h. What are the prime factors of k?
2, 5
Let i = 1570 - 836. What are the prime factors of i?
2, 367
Suppose 3*p + 3 = 4*p. Suppose p*m = -m + 60. What are the prime factors of m?
3, 5
Suppose -32 = -7*p - 11. Suppose p*u + 15 = 4*u. List the prime factors of u.
3, 5
Let k(a) = -a**3 + 17*a**2 - 12*a - 5. What are the prime factors of k(5)?
5, 47
Suppose -114*m = 3*t - 115*m - 8296, -t = m - 2764. What are the prime factors of t?
5, 7, 79
Suppose 5693 = 4*a + 3*k, 0 = 3*k + 2*k + 25. List the prime factors of a.
1427
Suppose -222 = -5*b + 4*s, -b - s = -5*b + 182. Suppose -4*u = -3*u - b. List the prime factors of u.
2, 23
What are the prime factors of (12/(-42) - 74/(-14)) + 318?
17, 19
Suppose 0 = -i + 2*s + 10, -1 - 5 = 3*i + 3*s. Let t be (-24)/(-7)*21/i. What are the prime factors of t/(-16)*(-80)/6?
2, 3, 5
Suppose 11*l + 348 = 12*l. Suppose 8*n - 5*n - 2*s - 254 = 0, 5*s + l = 4*n. List the prime factors of n.
2, 41
Let j be (-4)/(-18) + (-820)/45. Let h = j - -28. Suppose 2*l = 2*t - h, 3*t + 2 - 21 = 2*l. List the prime factors of t.
3
Let j(f) = -6 + 10 - 4*f + f**2 + 6. List the prime factors of j(5).
3, 5
Let p(w) = 2*w**3 + 47*w**2 - 3*w - 35. List the prime factors of p(-10).
5, 7, 11
Let b(s) = -s**3 + 24*s**2 + 10. Let w be b(24). Let z(c) = c + 17. List the prime factors of z(w).
3
Let n be 2 + -1 + -2 + -2. Suppose -5*s + 123 = 68. Let g = s + n. What are the prime factors of g?
2
Let p be (-16)/(-3) + (-42)/18 + 2. Suppose -2*z = 10, -4*u + p*z + 12 + 89 = 0. What are the prime factors of u?
19
Suppose -7 - 8 = i. Let b be i + (-1 - -2) + 0. Let p = b + 28. List the prime factors of p.
2, 7
Let l(q) = 69*q + 2709. List the prime factors of l(0).
3, 7, 43
Let o(v) = -74*v + 1. Let j be o(-1). Suppose -2*k - 38 = q - 5*q, -j = -5*q - 3*k. List the prime factors of 78/24 + (-3)/q.
3
Let m(p) be the third derivative of p**5/60 + 5*p**4/24 - 243*p**2. Let d = 15 - 21. What are the prime factors of m(d)?
2, 3
Let s = -34 + 31. Let o = s + 55. List the prime factors of o.
2, 13
Let r = -15 - -28. Let u = r - 7. Suppose -p - 12 = -3*c, -4*c + p = -3*c - u. What are the prime factors of c?
3
Suppose 3 + 5 = 2*n. Suppose 3 + 2 = -5*s. Let b = n + s. What are the prime factors of b?
3
Suppose -5*w + 3 = 8, -4*w = -m + 26. List the prime factors of m.
2, 11
Suppose 0 = -3*b - g - 4, 6*b + g + 10 = b. Let q(y) = -y**2 - 5*y - 6. Let w be q(b). Suppose w = -4*c - c + 160. List the prime factors of c.
2
Let s(z) = z**3 - 19*z**2 - 33*z - 57. List the prime factors of s(21).
2, 3, 11
Suppose 7620 = -39*o + 44*o. List the prime factors of o.
2, 3, 127
Suppose -6*v = -10 - 488. Suppose 0 = -f + 4*h + v, -3*h = -2*f - h + 160. List the prime factors of f.
79
Let x(f) = -18*f + 2. Let y be x(-1). Let s be (-30)/y*4/3. Let p = s - -21. What are the prime factors of p?
19
Suppose -252 = -69*r + 67*r. Let n = 178 - r. What are the prime factors of n?
2, 13
Let w = 2 - 4. Suppose 0 = -22*z - 114 - 18. List the prime factors of w/(-6) + (-196)/z.
3, 11
Let o(d) = -d**3 - 3*d**2 + 19*d. Let w be o(3). Let x(n) = n**3 + 7*n**2 + 6*n - 4. Let j be x(-5). Suppose j + 5 = w*a. What are the prime factors of a?
7
Suppose 4 = o - 0. Suppose -o*l + 20 = z, 2*l = z + 2 + 2. List the prime factors of (-70)/(3 - l - 1).
5, 7
Let q be (32/(-20)*1)/((-4)/230). Suppose 0 = -5*w - 3*j + 589, -2*j + 23 = w - q. List the prime factors of w.
7, 17
Suppose -x = 2*x - 4*l - 522, 5*x - 881 = 3*l. List the prime factors of x.
2, 89
Suppose 21*g - 41610 = 8